
20
Let r(n) = 23*n - 1. Let w be r(5). Let k(v) = v**2 + 6*v - 17. Let d be k(-11). Calculate the greatest common factor of w and d.
38
Let d(r) = 96*r + 4100. Let s be d(-42). What is the greatest common divisor of 1564 and s?
68
Let r(m) = -m**3 + 18*m**2 - 49*m + 96. Let p be r(5). What is the highest common factor of 14432 and p?
176
Let o be (-193)/2*(-23732)/349. What is the highest common divisor of o and 68?
34
Suppose 32*b - 3841 = -1665. What is the greatest common factor of b and 629?
17
Let p = -2813 + 5846. Suppose -5*l + 7*l = 5*j - p, -4*j - l + 2416 = 0. Calculate the highest common divisor of j and 55.
55
Suppose 22606 = 43*j - 8096. What is the highest common factor of 378 and j?
42
Let v(m) = -m**3 + 8*m**2 + 34*m + 25. Let s be v(11). Let z be 6/(-7)*126/(-27). What is the greatest common factor of s and z?
4
Suppose 106*f - 83*f = -230. Let g be 6/4 - 1885/f. What is the highest common divisor of g and 38?
38
Let g = -19677 - -46102. What is the greatest common factor of g and 35?
35
Suppose 34*v - 7354 = 3628. What is the highest common divisor of v and 51?
17
Let w be (-1 + 0)/(25/(-2550)). Suppose -654 = -12*f - w. Calculate the highest common divisor of 138 and f.
46
Let q be (-112)/(-64)*(2 - (-1 - 1)). Suppose 5*r + 32 = q*r. Calculate the greatest common divisor of 20 and r.
4
Suppose 0 = 319*a - 213344 + 47783. Calculate the greatest common divisor of a and 27.
3
Suppose -3633 + 26293 = 5*j + 98*j. What is the greatest common factor of 28 and j?
4
Let a be -10*(-2*(-1)/4 + -1). Suppose -4*l + 85 = 3*z - 86, 0 = 2*l - a*z - 105. Calculate the greatest common divisor of l and 30.
15
Suppose -75 = -5*o + 15. Let s be (0/29)/((-3)/1). Suppose s = -13*t + 250 - 172. What is the greatest common divisor of t and o?
6
Suppose 77*m = -218*m + 61328 + 447547. Calculate the greatest common divisor of 1265 and m.
115
Let x be 184*((-434)/(-28) + -7). What is the greatest common divisor of x and 51?
17
Suppose -13*d + 5*d = 0. Suppose 26*a - 24*a - 252 = d. What is the greatest common factor of a and 28?
14
Suppose 81 = 234*o - 225*o. What is the highest common divisor of o and 7?
1
Suppose 3379 = t + 339. Suppose -2*u - 8*u = -t. Calculate the greatest common divisor of u and 38.
38
Suppose -25 = -y - 2. Let n(x) = -x**2 - 60*x - 519. Let q be n(-13). Calculate the highest common divisor of q and y.
23
Suppose 0 = 34*b + 140063 - 476119. What is the greatest common divisor of 28 and b?
28
Let s(c) = 63*c**2 - 142*c - 439. Let u be s(-3). What is the greatest common factor of 6 and u?
2
Let z be (-9 + 13 - (-40)/(-28))*238. What is the highest common divisor of 36 and z?
36
Let t = -648 - -659. Suppose 4*f - 225 = -t*h + 6*h, 3*h + 9 = 0. Calculate the greatest common divisor of 45 and f.
15
Suppose -12*i - 11*i - 1334 = 0. Let h = -49 - i. Calculate the greatest common factor of h and 45.
9
Suppose -7340 = -62*u + 2022. What is the greatest common factor of u and 3?
1
Let z = -29 + 86. Suppose 3*x - 2*q = 54, -4*x - 2*q + 54 + 4 = 0. Suppose -x - 22 = -w. Calculate the highest common divisor of z and w.
19
Let j be 1395/(-18)*(-2)/5. Suppose 11*n = j + 2. Suppose -2*t + t = -n*g + 146, 2*t = 2*g - 100. Calculate the highest common divisor of g and 24.
24
Suppose -3*g + 2*u + 82 = 0, g + 16 = -4*u + 20. Suppose -5*f + 139 = g. Calculate the greatest common divisor of f and 115.
23
Let d(y) = 2*y**3 + 15*y**2 + 16*y + 51. Let f be d(-6). Calculate the greatest common divisor of f and 11907.
63
Let g = -34 - -38. Suppose -g*n + 227 + 413 = 0. Suppose 4*f = 3*j - 200, 0 = 3*j + 5*f - f - n. What is the highest common factor of 12 and j?
12
Let n = 7113 + -5643. What is the greatest common divisor of 45 and n?
15
Let k = 10849 - 10819. What is the highest common divisor of 34 and k?
2
Let d = -9295 + 15075. What is the greatest common factor of 170 and d?
170
Suppose 17 = -u - 81. Let g = u - -105. Let k = -38 - -39. Calculate the highest common divisor of g and k.
1
Suppose 0 = 32*r - 45*r + 26. Let u be 1/(-4)*-2*0. Suppose 2*k + 4*v - 8 = u, -5*k = -0*k - 4*v - 90. Calculate the greatest common factor of k and r.
2
Let n = -3140 - -4940. Calculate the greatest common factor of 135 and n.
45
Suppose t - 298*g + 297*g = 5029, -3*t + 5*g = -15091. Calculate the greatest common divisor of 11 and t.
11
Let v(z) = -z**3 - 45*z**2 - 14*z - 447. Let m be v(-45). What is the highest common divisor of 3904 and m?
61
Let t be -4 + 18/(-27) + 12742/6. What is the highest common factor of 13 and t?
13
Let v(i) = -i**3 + 4*i**2 - i + 7. Let m be v(4). Let k be (-2)/m - (-115)/(-3). Let t = 78 + k. Calculate the highest common factor of t and 26.
13
Let p(d) = 16 - 11 + 6 + 152*d. Let z be p(4). Suppose 8*l = 181 + z. Calculate the greatest common factor of 20 and l.
20
Let r(g) be the second derivative of -3*g**5/20 - 5*g**4/6 - g**3 + 8*g**2 - 13*g + 4. Let h be r(-4). Calculate the greatest common divisor of 126 and h.
18
Let t(g) = -3*g**2 + 43*g - 39. Let d be t(12). Let z(h) = h**2 + 7*h - 4. Let m be z(-9). Let x = m - -1. Calculate the greatest common divisor of d and x.
15
Let j be 27 + (-624)/40 - 3/(-5). What is the greatest common factor of j and 1812?
12
Suppose 3*y - 12 = 2*k, -k = 3*k - 5*y + 26. Let z be (-3771)/k - (-1 - -4). What is the greatest common divisor of z and 13?
13
Let t(z) = 13*z**2 - 15*z - 68. Let l be t(-7). Let u = -666 + l. What is the highest common divisor of u and 72?
8
Let i = -139 + 259. Let p(n) = -n**3 + 2*n**2 + 7*n + 4. Let h be p(-4). Let j = h - 48. Calculate the highest common divisor of i and j.
24
Let t be (-1)/3*(-60 - 0). Let d be 2/(-3) + (-68)/(-12). Suppose d*i = -17 + 117. Calculate the highest common divisor of i and t.
20
Let j(n) = 2*n**3 + 166*n**2 - 180*n - 711. Let u be j(-84). What is the greatest common factor of u and 6732?
99
Let m(o) = -192*o + 1557. Let t be m(-34). Calculate the greatest common factor of t and 165.
165
Let b = 274 + -270. Let z be (102/b)/(10/100). What is the greatest common divisor of 34 and z?
17
Let m be 7/(-21)*-3*153. Let v = 39 + -36. Let w be 1*(20 + (-9)/v). What is the highest common divisor of m and w?
17
Let w(d) = 5*d**3 - 4*d**2 - 4*d. Let v be w(2). Calculate the highest common factor of v and 7024.
16
Let p be -7*((-3)/(-9))/(8/(-24)). Suppose 10 = -p*g + 9*g. Let d = 97 - 42. What is the greatest common factor of g and d?
5
Let q be (-109)/(-3) - (-5)/(-15). Suppose 57 = 4*g + 17. Suppose 0 = g*l - 4*l - 54. Calculate the highest common divisor of q and l.
9
Let w(j) = -j**3 + 6*j**2 - 4*j. Suppose 0 = -3*s + 12. Let l be w(s). Calculate the highest common factor of l and 112.
16
Let l(r) = -4*r**2 - 45*r - 8. Let b be l(-11). Let g(x) = 18*x**2 - 12*x + 51. Let k be g(b). Calculate the greatest common divisor of k and 3.
3
Suppose -541*v + 2418 = -528*v. Calculate the highest common factor of v and 2697.
93
Let i be (-6 - -2) + 3 - (-32 - 1). Let r(y) = i*y**2 - 5*y + y + 3 + 0*y - y**2. Let w be r(1). Calculate the greatest common factor of w and 12.
6
Let o(d) = d**2 - 10*d + 13. Let f be o(9). Let u be (5*-1)/((f/(-4))/2). Suppose 0 = 14*k - u*k - 64. What is the greatest common factor of 16 and k?
16
Suppose -6980 = -81*o - 500. Calculate the greatest common divisor of 2020 and o.
20
Let a(g) = -4*g**2 - 8*g**2 + 1 + 14*g**2 + 11*g**2 - 10 + g. Let w be a(-3). Calculate the highest common divisor of w and 175.
35
Let i = 4243 + -4226. Calculate the highest common factor of 11 and i.
1
Let m be 138/2 - 0*(-14)/112. Let f be 46/((-4)/(2*-4)). What is the greatest common factor of m and f?
23
Suppose -9 = -6*l + 21. Suppose -29 = 2*a + l*k, -2*a + 5*k - 2*k - 69 = 0. Let x be (-666)/a - 2/3. Calculate the greatest common divisor of 48 and x.
24
Suppose 226*s = 229*s + 834. Let u = -218 - s. What is the highest common divisor of u and 24?
12
Let w be (3 - 12/3)*(2 + 101). Let z = -52 - w. What is the greatest common divisor of z and 663?
51
Let b be (-4)/(-30) - (-3514)/(-30). Let t = b - -120. Suppose -21 = -3*f + t*x, 2*f + 3*x + 18 = 4*f. Calculate the highest common divisor of f and 5.
1
Let o(y) = 8*y**2 - 19*y + 5. Let a be (5/3)/((-5)/(-15)). Let f be o(a). Calculate the greatest common divisor of 10 and f.
10
Let v be (-10)/(-2 